ide 7654?
False
Is 960 a multiple of 60?
True
Does 181 divide 9774?
True
Is 15020 a multiple of 158?
False
Is 5568 a multiple of 183?
False
Is 47 a factor of 7567?
True
Is 97 a factor of 31588?
False
Is 392 a multiple of 28?
True
Is 9 a factor of 58797?
True
Is 2760 a multiple of 23?
True
Is 34 a factor of 34?
True
Is 2 a factor of 447?
False
Is 72 a multiple of 10?
False
Is 17 a factor of 849?
False
Is 13 a factor of 1351?
False
Is 12 a factor of 429?
False
Is 59 a factor of 78883?
True
Is 15 a factor of 3150?
True
Is 18 a factor of 3276?
True
Is 22021 a multiple of 61?
True
Does 25 divide 5200?
True
Is 224 even?
True
Is 3364 a multiple of 36?
False
Is 24 a multiple of 8?
True
Is 35936 a multiple of 32?
True
Is 5742 a multiple of 87?
True
Does 8 divide 41565?
False
Is 13 a factor of 211?
False
Does 21 divide 29476?
False
Does 28 divide 616?
True
Does 141 divide 9588?
True
Is 52 a factor of 14263?
False
Does 9 divide 540?
True
Does 14 divide 55580?
True
Is 900 a multiple of 60?
True
Does 81 divide 162?
True
Does 24 divide 420?
False
Is 186864 a multiple of 79?
False
Is 3 a factor of 255?
True
Is 133 a factor of 3857?
True
Is 17 a factor of 1226?
False
Is 93094 a multiple of 417?
False
Is 251 a factor of 37650?
True
Is 9 a factor of 27?
True
Is 6 a factor of 300?
True
Is 35 a multiple of 6?
False
Does 98 divide 588?
True
Does 14 divide 532?
True
Is 306 a multiple of 25?
False
Does 7 divide 686?
True
Does 143 divide 14300?
True
Is 31 a factor of 15438?
True
Is 9 a factor of 10599?
False
Does 4 divide 338?
False
Is 36 a factor of 108?
True
Is 1480 a multiple of 10?
True
Is 1568 a multiple of 30?
False
Does 45 divide 315?
True
Is 11480 a multiple of 14?
True
Is 12 a factor of 26316?
True
Is 1505 a multiple of 3?
False
Is 97 a factor of 1896?
False
Is 7697 a multiple of 54?
False
Does 2 divide 5179?
False
Is 4 a factor of 416?
True
Is 58 a factor of 3422?
True
Is 4600 a multiple of 25?
True
Does 119 divide 8533?
False
Is 11844 a multiple of 63?
True
Is 117 a factor of 87516?
True
Is 8160 a multiple of 32?
True
Is 64880 a multiple of 40?
True
Does 88 divide 2552?
True
Does 40 divide 3192?
False
Is 491 a multiple of 138?
False
Does 73 divide 166659?
True
Does 153 divide 10630?
False
Is 21 a factor of 1071?
True
Is 6815 a multiple of 47?
True
Is 34 a multiple of 2?
True
Is 601 a multiple of 8?
False
Is 14529 a multiple of 104?
False
Is 17 a factor of 785?
False
Does 33 divide 20617?
False
Does 197 divide 3743?
True
Is 72 a multiple of 24?
True
Is 4403 a multiple of 7?
True
Does 83 divide 332?
True
Is 20521 a multiple of 96?
False
Is 5544 a multiple of 18?
True
Is 1420 a multiple of 4?
True
Does 7 divide 196?
True
Is 22 a factor of 2055?
False
Is 480 a multiple of 30?
True
Is 194 a factor of 25220?
True
Does 3 divide 21?
True
Does 21 divide 504?
True
Is 3177 a multiple of 39?
False
Does 21 divide 987?
True
Does 41 divide 6171?
False
Is 18547 a multiple of 17?
True
Is 16565 a multiple of 4?
False
Is 538 a multiple of 76?
False
Is 13 a factor of 7072?
True
Is 205 a multiple of 10?
False
Is 10408 a multiple of 35?
False
Does 15 divide 2145?
True
Is 29 even?
False
Is 34965 a multiple of 74?
False
Is 5 a factor of 345?
True
Is 15 a factor of 701?
False
Is 74 a factor of 2881?
False
Does 10 divide 702?
False
Is 18654 a multiple of 63?
False
Is 45 a factor of 6615?
True
Does 8 divide 17358?
False
Does 8 divide 247?
False
Does 27 divide 97305?
False
Is 152 a multiple of 4?
True
Is 718 a multiple of 37?
False
Is 2867 a multiple of 29?
False
Is 139 a factor of 5004?
True
Is 9 a factor of 4194?
True
Does 54 divide 191?
False
Is 4 a factor of 139?
False
Does 11 divide 319?
True
Does 9 divide 7700?
False
Is 198 a multiple of 19?
False
Is 6266 a multiple of 93?
False
Is 16 a factor of 400?
True
Does 29 divide 2233?
True
Does 78 divide 1482?
True
Does 10 divide 213?
False
Does 86 divide 1462?
True
Is 629 a multiple of 37?
True
Does 11 divide 891?
True
Does 146 divide 67757?
False
Is 6 a factor of 1031?
False
Is 9 a factor of 4437?
True
Is 11 a factor of 987?
False
Does 8 divide 105?
False
Does 155 divide 19652?
False
Is 6429 a multiple of 12?
False
Is 35 a multiple of 5?
True
Does 25 divide 2524?
False
Is 16 a factor of 1030?
False
Is 38 a factor of 9348?
True
Is 47 a factor of 1229?
False
Is 20 a factor of 127000?
True
Is 25 a factor of 45250?
True
Is 27224 a multiple of 166?
True
Is 9960 a multiple of 46?
False
Is 7 a factor of 2413?
False
Does 12 divide 5245?
False
Does 3 divide 8412?
True
Does 23 divide 1051?
False
Is 10 a factor of 260?
True
Is 42 a factor of 3527?
False
Is 3300 a multiple of 11?
True
Does 13 divide 7832?
False
Is 6328 a multiple of 35?
False
Does 31 divide 279?
True
Is 52 a factor of 2997?
False
Does 12 divide 2665?
False
Does 146 divide 5402?
True
Is 64 a factor of 34925?
False
Is 81006 a multiple of 26?
False
Is 7 a factor of 322?
True
Is 11 a factor of 5478?
True
Does 80 divide 4722?
False
Is 3312 a multiple of 18?
True
Is 35 a factor of 1029?
False
Is 23 a factor of 29618?
False
Does 15 divide 51826?
False
Is 2 a factor of 6285?
False
Is 5680 a multiple of 20?
True
Is 292 a multiple of 116?
False
Is 23512 a multiple of 232?
False
Does 47 divide 144?
False
Does 2 divide 1149?
False
Does 13 divide 790?
False
Does 78 divide 6587?
False
Is 1035 a multiple of 22?
False
Does 39 divide 39365?
False
Is 13 a factor of 3874?
True
Does 18 divide 91026?
True
Does 3 divide 99?
True
Is 7752 a multiple of 228?
True
Is 323 a factor of 27928?
False
Does 64 divide 576?
True
Does 94 divide 6579?
False
Is 2806 a multiple of 46?
True
Does 25 divide 119?
False
Is 17 even?
False
Is 18 a factor of 32?
False
Is 389 a multiple of 3?
False
Does 5 divide 13073?
False
Is 20 a factor of 4058?
False
Is 4560 a multiple of 20?
True
Does 13 divide 2165?
False
Is 137 a multiple of 2?
False
Does 71 divide 19839?
False
Is 9548 a multiple of 14?
True
Does 30 divide 360?
True
Is 64 a factor of 3460?
False
Is 5 a factor of 952?
False
Is 116 a factor of 129688?
True
Does 14 divide 8218?
True
Does 14 divide 3976?
True
Does 24 divide 5112?
True
Does 5 divide 45?
True
Is 109041 a multiple of 260?
False
Does 26 divide 2158?
True
Is 25062 a multiple of 43?
False
Is 504 a multiple of 24?
True
Does 14 divide 3290?
True
Does 120 divide 22039?
False
Is 13 a factor of 2391?
False
Is 19272 a multiple of 44?
True
Is 69 a factor of 5727?
True
Does 29 divide 15341?
True
Does 6 divide 118?
False
Is 31 a factor of 7192?
True
Is 6 a factor of 137?
False
Does 89 divide 5863?
False
Is 27 a factor of 5052?
False
Does 53 divide 2067?
True
Is 1276 a multiple of 22?
True
Does 96 divide 2784?
True
Is 13 a factor of 590?
False
Is 7 a factor of 6293?
True
Does 7 divide 7138?
False
Is 3 a factor of 180?
True
Is 7 a factor of 5152?
True
Does 144 divide 1296?
True
Is 2127 a multiple of 18?
False
Does 9 divide 11952?
True
Is 1054 a multiple of 46?
False
Is 511 a multiple of 9?
False
Does 5 divide 162?
False
Is 15 a factor of 4905?
True
Is 31825 a multiple of 3?
False
Does 35 divide 700?
True
Does 103 divide 24378?
False
Is 67 a factor of 15075?
True
Is 38 a factor of 1901?
False
Is 165 even?
False
Does 7 divide 20?
False
Is 52 a factor of 66396?
False
Is 13 a factor of 3432?
True
Does 5 divide 495?
True
Is 99 a factor of 3667?
False
Does 4 divide 505?
False
Is 14 a factor of 798?
True
Does 250 divide 53250?
True
Does 211 divide 61854?
False
Does 47 divide 1613?
False
Is 177 a multiple of 15?
False
Is 130 a multiple of 13?
True
Is 15 a factor of 4885?
False
Is 29 a factor of 7424?
True
Is 528 a multiple of 88?
True
Is 139 a factor of 417?
True
Is 3 a factor of 1484?
False
Does 15 divide 39767?
False
Is 55517 a multiple of 97?
False
Does 41 divide 75?
False
Is 397 a multiple of 75?
False
Is 29 a factor of 15312?
True
Is 29 a factor of 75313?
True
Is 67 a multiple of 2?
False
Is 12 a factor of 229?
False
Is 1146 a multiple of 6?
True
Does 15 divide 25276?
False
Is 3 a factor of 502?
False
Is 41 a factor of 710?
False
Is 1224 a multiple of 55?
False
Is 809 a multiple of 23?
False
Is 10200 a multiple of 120?
True
Does 4 divide 43?
False
Does 124 divide 14012?
True
Does 21 divide 4234?
False
Is 4873 a multiple of 18?
False
Does 11 divide 5632?
True
Does 64 divide 7270?
False
Does 24 divide 2688?
True
Is 104 a m